of p.
2, 7
Let r = 90 + -28. Suppose -r = w - 175. List the prime factors of w.
113
Suppose -d = -5*d - 4*r + 16, 0 = -3*r + 12. Suppose d = 5*y + 13 - 58. Let b = 15 - y. List the prime factors of b.
2, 3
Suppose -12 = -3*j - j. Suppose j*o - 2*b + 24 = 154, 2*o + 4*b = 76. Suppose -f + 93 = 2*f - 4*t, -f = -5*t - o. List the prime factors of f.
3
Let g be ((-6)/4)/(39/(-52)). Suppose -g*l = 2*l - 3*m + 2, l + 4*m - 9 = 0. List the prime factors of 7 - (l + -3 + -2).
11
Suppose 23*f - 34 = 21*f. Suppose -s + f = -r, -15 + 0 = 3*r. List the prime factors of s.
2, 3
Suppose -673*m = -672*m - 728. What are the prime factors of m?
2, 7, 13
Let q(r) = 2*r**2 - 47*r + 88. What are the prime factors of q(28)?
2, 5, 17
Suppose x - 566 = -3*p, 4*x + p = -0*x + 2220. What are the prime factors of x?
2, 277
Let b = 1 + -2. What are the prime factors of ((-12)/18)/(b*2/96)?
2
Suppose 3*i - 37 = -5*l, -i + 4*l + 37 = 4*i. Suppose 20*w - i*w = 1441. List the prime factors of w.
131
Let z(y) = -y**2 + 4*y + 3. Let f be z(5). Let p(o) = 2*o - 9. Let b be p(8). Let i = f + b. List the prime factors of i.
5
Let s = -1466 - -2480. List the prime factors of s.
2, 3, 13
Suppose a + 1 = -3*q - 0, -4*a = 2*q - 16. List the prime factors of a.
5
Let f(c) = 184*c + 364. List the prime factors of f(8).
2, 3, 17
Let p = 96 + -29. Suppose 5*c + a = p + 347, -2*c = -4*a - 148. What are the prime factors of c?
2, 41
Suppose 0*s = -s + 15. Suppose -30 = 2*v + 4*r, 2*v = -0*v + 3*r - 16. Let f = v + s. List the prime factors of f.
2
Let n(c) = -c**3 - 3*c**2 + 2*c + 2. Let q be n(-4). Let l = q + -10. Suppose l = -5*y + 36 + 9. List the prime factors of y.
3
Suppose 2*r = 5*i + 18, 0 = -4*r + 7*i - 2*i + 16. Let v be 8*(-297)/6*r. List the prime factors of v/24 - (-1)/(-2).
2
Suppose 2*w + 5385 = 3*h, -h - 6*w = -7*w - 1796. What are the prime factors of h?
11, 163
Let c = 635 + -330. Let m = c - 175. What are the prime factors of m?
2, 5, 13
Suppose 2*j - 7 + 3 = 0. Let y(m) = m**3 - m**2 + m. Let p(f) = 4*f**3 - 8*f**2 + 5*f + 2. Let n(l) = -p(l) + 5*y(l). List the prime factors of n(j).
2, 3
Let r(d) = 4*d**2 - 2*d - 2. Let l be r(-7). Suppose -p - 5*x = -30, 5*x + l = 5*p + x. List the prime factors of p.
2, 5
Let v(l) = -38*l + 40. What are the prime factors of v(-32)?
2, 157
Let u = 1 + 6. Let d(f) = -u - 1 + 5 + 2*f - 5*f + 2*f**2. List the prime factors of d(-3).
2, 3
Let x = 4992 - 2476. What are the prime factors of x?
2, 17, 37
Let z(m) = 2*m - 7. Let v be z(-7). Suppose 2*b - 89 = w, -3*w + 1 = b - 26. Let a = b + v. List the prime factors of a.
3, 7
List the prime factors of ((-490)/(-10))/(7/196).
2, 7
Let a be (-33)/7 - 8/28. Let j be 3 + -3 - a/1. Suppose 0*x + x + j*l = -15, 30 = 2*x - 2*l. List the prime factors of x.
2, 5
Let i(k) = 24*k**2 - k. Let q(g) = -2*g + 13. Let s be q(7). Let o be i(s). Suppose -8 + o = 5*z - 2*y, -11 = -5*z - 4*y. What are the prime factors of z?
3
Let s(p) = -27*p - 54. Let o be s(-17). Suppose -17*a - o = -2411. List the prime factors of a.
2, 59
Suppose 0 = -2*t + 8 - 4. Suppose t*m - 67 = 41. What are the prime factors of m?
2, 3
Let i(t) = -t + 6*t + 24 - 3*t. Let d be i(-10). Suppose d*u + 9 = 5*u. What are the prime factors of u?
3
Let g = -344 + 1104. Suppose 0 = 5*n - 125 - g. What are the prime factors of n?
3, 59
Let o(g) = -6 + 4 - 17*g + 2 - 2. List the prime factors of o(-4).
2, 3, 11
Let d = -102 - -62. What are the prime factors of 16/d + 854/10?
5, 17
Let v = 5561 - 3879. What are the prime factors of v?
2, 29
Let n(i) = 4*i**3 + 2*i**2 + 14*i - 51. List the prime factors of n(6).
3, 17, 19
Let u be (-42)/(-6)*12/14. Let l(s) = -s**3 + 8*s**2 + 3*s. What are the prime factors of l(u)?
2, 3, 5
Let g = -140 - -390. Suppose -6*r = -r - g. Suppose 3*b - 2*w - r = 0, -b + 2*w + 10 + 4 = 0. List the prime factors of b.
2, 3
Let j = -20 + 20. Suppose 568 = 4*z - j*z. What are the prime factors of z?
2, 71
Suppose -2*h - x + 21 = 0, 4*x + 46 = 4*h - 2*h. Suppose 0 = -b + 5 + h. What are the prime factors of b?
2, 3
Let t(p) = 4*p**2 - 3*p - 4. Let b be t(-5). Let x = b + -95. List the prime factors of x.
2
Suppose -6*j + 8*j = -88. Let p = j + 18. Let n = p + 37. What are the prime factors of n?
11
Suppose 5*y + 2*r = 6*y - 114, -5*y - 5*r = -600. List the prime factors of y.
2, 59
Let x be 154/(-42) - 4/(-6). Let f(v) = -2*v**3 + 5*v**2 + 7. What are the prime factors of f(x)?
2, 53
Suppose 2*s - 762 = -4*b, -21*b + 19*b - 1574 = -4*s. List the prime factors of s.
17, 23
Suppose 4*r + r = 5*k - 200, -3*k + 4*r + 116 = 0. Let h = -23 + k. Let x = 42 - h. What are the prime factors of x?
3, 7
Let o = -241 - -598. What are the prime factors of o?
3, 7, 17
Suppose -20*n + 32928 = 2528. What are the prime factors of n?
2, 5, 19
Let g(x) = -x + 13. Let a be g(8). Let y(v) = v**2 - 3*v - 7. Let f(r) = -r**2 + 4*r + 8. Let i(t) = 2*f(t) + 3*y(t). What are the prime factors of i(a)?
3, 5
Let z(a) = -3*a**3 - 2*a**2 + 2*a. Let h be z(-2). Suppose h*l - 573 = 9*l. List the prime factors of l.
191
Let b(f) = 196*f**2 + 3*f + 7. List the prime factors of b(-1).
2, 5
Let f(v) = 121*v**2 - 9*v + 29. List the prime factors of f(3).
1091
Let f = -109 - -177. Let c(s) = -s**3 - 8*s**2 - 5*s + 8. Let t be c(-6). Let d = t + f. List the prime factors of d.
2, 17
Let n be (-2 - 48/(-27)) + 2866/18. Suppose 4*t = 5 + n. List the prime factors of t.
41
Let b(k) = -k**2 - 3. Let d be b(0). Let p(w) = -2*w**2 + 3. Let m be p(d). What are the prime factors of 40/(-12)*18/m?
2
Let t be (1 + -1 + 1)*9. Let l = 4 + t. Suppose 5*u + 42 = 3*w, w - u = l - 1. What are the prime factors of w?
3
List the prime factors of (6 - 7)*(-2 - 33)*96.
2, 3, 5, 7
Let f(o) = -3*o - 13. Let z be f(-6). Suppose -z*i = -i. Suppose k - 19 = -d + 6, -3*k + 3*d + 51 = i. What are the prime factors of k?
3, 7
Suppose 18*y - 77735 = -17*y. What are the prime factors of y?
2221
Suppose 7*j + 15 = 2*j - 3*o, 5*j - 3*o - 15 = 0. Suppose 2*z = -2*z + 8, 3*x = 2*z - 7. List the prime factors of j - 0/x - -23.
23
Let y(x) = -x**3 - 8*x**2 - 23*x + 6. List the prime factors of y(-3).
2, 3, 5
Suppose 0 = 5*n + 2*b - 17272, 0 = -2*n + 7*b - 8*b + 6908. What are the prime factors of n?
2, 3
Let v be (-1)/((-1)/2*8/176). Suppose -v = -2*x + 3*n + 7, 4*x + 2*n - 142 = 0. List the prime factors of x.
3, 11
Let b(o) = -o**3 + 2*o**2 + 9*o - 1. Let y be b(4). Suppose 57 = -y*p - 0*p. Let m = 33 + p. List the prime factors of m.
2, 7
Let h = -1738 - -2469. List the prime factors of h.
17, 43
Suppose 2040 = -0*d - 12*d. Let h = d - -432. What are the prime factors of h?
2, 131
Let t = 13 - 12. Let j be 3*(-1)/(t + -4). Let k(o) = 49*o**2 - o. List the prime factors of k(j).
2, 3
Suppose 3*g - 4*c - 130 = 412, 0 = -3*c + 3. List the prime factors of g.
2, 7, 13
List the prime factors of (-12)/36 + (-7167)/(-9).
2, 199
Let g be 4*22 - 2 - -1. Suppose 3*y + 4*r = g, 4*r - 137 = -3*y - 2*y. Suppose -5*l - y = -m, 5*m - l - l = 102. List the prime factors of m.
2, 5
Suppose -30 - 105 = -3*v. Let b = v + -37. What are the prime factors of b?
2
What are the prime factors of 4 + ((-22290)/(-16) - 7/56)?
11, 127
Suppose 0 = 3*g - g. Suppose 2*j - 275 = -5*s + 6, g = 3*j + 2*s - 405. List the prime factors of j.
7, 19
Let f = 301 - 197. What are the prime factors of f?
2, 13
Suppose 0*r + 3*r = -5*d + 10067, 3*r - 4025 = -2*d. What are the prime factors of d?
2, 19, 53
Let z(i) = i + 6. Let d be z(-3). Suppose d*m = 5*m - 114. List the prime factors of m.
3, 19
Suppose 4*b = 2*r + 916, -5*b = -4*b - 4*r - 229. What are the prime factors of b?
229
Suppose -3*c - 4*m + 8 = -4, 0 = -2*c - m + 8. Let r be 1/(c/((-52)/1)). Let w = r - -36. What are the prime factors of w?
23
Let s(k) = -k**2 + 10*k + 15. Let n be s(11). Let y = n + -64. What are the prime factors of (6/2)/((-18)/y)?
2, 5
Let m(o) be the third derivative of o**6/120 - o**4/24 + 11*o**3 - 5*o**2. What are the prime factors of m(0)?
2, 3, 11
Let p(c) = 5*c**2 + 13*c + 21. What are the prime factors of p(-11)?
3, 7, 23
Suppose -111189 = -21*y - 8058. What are the prime factors of y?
3, 1637
Let n be (-72)/81 + 1/(-9). List the prime factors of n + 0 + 3 + 29.
31
Let f = -2338 + 3419. List the prime factors of f.
23, 47
What are the p